ctor of 428434839?
True
Is 59 a factor of 89920956?
True
Is 173901710 a multiple of 16?
False
Is 415541088 a multiple of 32?
True
Is 12151096 a multiple of 1211?
False
Does 7 divide 24920217?
True
Is 1221963708 a multiple of 28?
True
Is 730011526 a multiple of 135?
False
Is 1060 a factor of 89054443?
False
Does 26 divide 135149066?
True
Is 583 a factor of 194733858?
False
Is 89 a factor of 153476699?
False
Does 67 divide 1020225355?
False
Does 426 divide 607699965?
False
Is 714 a factor of 38344359?
False
Is 11 a factor of 14674944?
False
Is 10 a factor of 364227527?
False
Is 3162 a factor of 3110958996?
True
Is 170401385 a multiple of 310?
False
Is 8169503 a multiple of 17?
True
Is 514008 a multiple of 121?
True
Is 72265199 a multiple of 606?
False
Does 7 divide 1277401637?
False
Is 705 a factor of 3720523?
False
Is 1080 a factor of 60030006?
False
Does 1713 divide 92132363?
False
Is 49 a factor of 3987652375?
False
Does 114 divide 1337834916?
True
Does 4148 divide 402173488?
True
Is 904 a factor of 6358487?
False
Does 11 divide 3215608?
True
Is 3448 a factor of 523499496?
True
Is 26 a factor of 1689766?
True
Does 25 divide 118174525?
True
Is 5 a factor of 839732893?
False
Is 4171704 a multiple of 353?
False
Is 10874152 a multiple of 6?
False
Is 158 a factor of 1007865280?
False
Does 6613 divide 3524488991?
False
Is 56933888 a multiple of 326?
False
Does 61 divide 22650276?
True
Does 197 divide 908537394?
False
Does 299 divide 19282211?
True
Does 24 divide 74967610?
False
Is 142 a factor of 647729023?
False
Does 1373 divide 96793700?
False
Does 3599 divide 45941235?
True
Is 11 a factor of 28018935?
False
Is 59 a factor of 262329112?
False
Is 77 a factor of 375497573?
False
Does 12 divide 152109742?
False
Does 2077 divide 1325994186?
True
Is 242 a factor of 248353226?
True
Is 4633344 a multiple of 36?
True
Does 41 divide 81614005?
False
Is 4357 a factor of 1460209337?
True
Does 64 divide 2030784?
True
Does 100 divide 486499158?
False
Is 10 a factor of 7440660?
True
Is 56 a factor of 55865816?
False
Is 14 a factor of 3439324?
True
Is 6 a factor of 75045364?
False
Is 2074888172 a multiple of 28?
True
Is 2753 a factor of 768979153?
False
Is 86131672 a multiple of 242?
True
Does 10 divide 5447300?
True
Is 3727455918 a multiple of 65?
False
Is 24520352 a multiple of 697?
False
Does 63 divide 31928473?
False
Does 11 divide 391307815?
False
Does 2831 divide 1781766287?
True
Is 19819070 a multiple of 46?
False
Is 41 a factor of 181960803?
False
Is 21 a factor of 1370109972?
True
Is 652 a factor of 117007268?
True
Is 530 a factor of 243647679?
False
Is 170938260 a multiple of 18?
True
Is 887503858 a multiple of 66?
False
Does 37 divide 49805364?
False
Does 150 divide 1668877064?
False
Is 13 a factor of 854822553?
True
Is 31 a factor of 311541383?
False
Is 287 a factor of 23054935?
False
Is 153 a factor of 115359093?
True
Does 10 divide 116623549?
False
Does 148 divide 2752060?
True
Is 58 a factor of 14442308?
False
Does 103 divide 33830665?
False
Is 212 a factor of 29662192?
True
Is 1417355877 a multiple of 653?
False
Is 209 a factor of 16024389?
False
Is 106 a factor of 7368711?
False
Is 94 a factor of 470263150?
False
Is 22582944 a multiple of 14?
False
Does 23 divide 112106991?
True
Is 53988598 a multiple of 87?
False
Is 1581 a factor of 1788966?
False
Is 295454156 a multiple of 4?
True
Is 97 a factor of 1768029476?
True
Is 482954494 a multiple of 22?
True
Is 767487232 a multiple of 11?
False
Does 13 divide 20361830?
False
Is 54 a factor of 30364146?
True
Is 814566528 a multiple of 18?
True
Does 13 divide 55352149?
False
Is 22 a factor of 165070268?
True
Is 692 a factor of 4657852?
True
Is 1257757515 a multiple of 35?
True
Is 303329884 a multiple of 26?
True
Does 187 divide 178156583?
True
Is 28186990 a multiple of 13?
True
Is 68160121 even?
False
Does 3532 divide 4865502736?
False
Is 129570369 a multiple of 1002?
False
Is 1689 a factor of 129505764?
True
Does 9 divide 912062340?
True
Does 2853 divide 133091946?
False
Is 1248521144 a multiple of 8924?
True
Is 37 a factor of 27217160?
False
Is 209 a factor of 75670749?
True
Is 665 a factor of 157081645?
True
Does 151 divide 48873765?
False
Does 8 divide 14446064?
True
Is 19322068 a multiple of 619?
False
Is 1036630218 a multiple of 183?
True
Is 22908691 a multiple of 483?
False
Is 154252699 a multiple of 5622?
False
Does 75 divide 184611000?
True
Does 24 divide 343646784?
True
Does 1198 divide 96501263?
False
Is 129250940 a multiple of 16?
False
Is 6738580 a multiple of 5?
True
Does 97 divide 433862376?
True
Is 23 a factor of 15602878?
True
Is 33 a factor of 3492225?
True
Does 1877 divide 219072178?
True
Is 178620610 a multiple of 5?
True
Is 1938 a factor of 248496074?
False
Is 2742 a factor of 296083902?
True
Is 17 a factor of 493921996?
False
Does 58 divide 3128704498?
True
Does 2 divide 103420157?
False
Is 9 a factor of 7465133?
False
Is 427 a factor of 43145361?
True
Is 125487418 a multiple of 14?
True
Is 10198 a factor of 1608418362?
True
Is 1414 a factor of 3167974257?
False
Is 13 a factor of 203638695?
True
Is 4056252 a multiple of 4?
True
Is 6499 a factor of 3245521014?
False
Is 1912073786 a multiple of 41?
True
Is 4893940656 a multiple of 114?
True
Does 5658 divide 404654502?
True
Does 15 divide 5639857523?
False
Is 1028986939 a multiple of 7387?
True
Is 196813552 a multiple of 13?
True
Is 342080198 a multiple of 2473?
True
Does 797 divide 329683832?
True
Is 16 a factor of 488200604?
False
Does 1135 divide 21998953?
False
Does 8 divide 15005300?
False
Does 3443 divide 7013098345?
True
Is 93377239 a multiple of 31?
True
Is 2 a factor of 3765053?
False
Is 54 a factor of 202703560?
False
Does 32 divide 89885703?
False
Does 10 divide 5464929849?
False
Is 2942223 a multiple of 537?
True
Does 289 divide 13744933?
False
Does 18 divide 28537760?
False
Does 310 divide 126879486?
False
Is 1851 a factor of 870305031?
True
Is 1248 a factor of 122834176?
False
Does 49 divide 221699079?
True
Is 119879892 a multiple of 4972?
True
Is 21594276 a multiple of 1606?
True
Does 3 divide 299088?
True
Does 33 divide 1899866902?
False
Does 3146 divide 50669476?
True
Is 229 a factor of 330030220?
True
Does 2625 divide 894711962?
False
Is 12999789 a multiple of 1635?
False
Does 34 divide 118567860?
True
Does 211 divide 121468902?
True
Does 6 divide 2408664?
True
Does 19 divide 679725406?
False
Is 31585827 a multiple of 111?
True
Is 117 a factor of 2149088409?
True
Does 21 divide 523578203?
False
Is 50613777 a multiple of 323?
True
Is 6 a factor of 1612466?
False
Does 15 divide 109014780?
True
Does 147 divide 82575339?
True
Does 163 divide 204176192?
False
Does 5 divide 1206165130?
True
Does 2 divide 9267886?
True
Is 372540883 a multiple of 41?
True
Is 438006912 a multiple of 329?
True
Does 8 divide 337728752?
True
Is 832 a factor of 31248260?
False
Does 330 divide 17023191?
False
Does 10 divide 5416240?
True
Does 65 divide 12294791?
False
Is 1099 a factor of 809694844?
True
Does 10 divide 14734490?
True
Does 204 divide 13044780?
True
Is 234 a factor of 59263?
False
Is 39 a factor of 71836947?
True
Is 23555848 a multiple of 2?
True
Is 303 a factor of 166827861?
True
Is 13317492 a multiple of 2?
True
Is 169066310 a multiple of 1352?
False
Is 25 a factor of 72996750?
True
Is 24 a factor of 2613912?
True
Is 34906686 a multiple of 38?
True
Is 1179 a factor of 1919412?
True
Is 561888114 a multiple of 391?
True
Is 34 a factor of 52305481?
False
Is 497 a factor of 682835873?
False
Is 95943143 a multiple of 4?
False
Does 39 divide 29478782?
False
Is 1344 a factor of 63340032?
True
Is 230 a factor of 95218850?
True
Is 8939578 a multiple of 8?
False
Is 523730536 a multiple of 28?
True
Does 51 divide 10286476?
False
Does 402 divide 33722976?
True
Is 60100166 a multiple of 14?
True
Does 698 divide 325517884?
True
Is 18 a factor of 917954429?
False
Is 20 a factor of 57871675?
False
Does 346 divide 12953176?
False
Is 108820980 a multiple of 1692?
True
Is 445580135 a multiple of 1397?
True
Is 5082 a factor of 1301036571?
False
Is 945626785 a multiple of 24?
False
Is 14 a factor of 11608436?
True
Is 31 a factor of 243787441?
True
Is 2511 a factor of 96191388?
True
Is 4919 a factor of 4480267003?
False
Is 908 a factor of 156336767